at are the prime factors of x(a)?
2
Suppose 0 = 4*p - 7*p + 123. List the prime factors of p.
41
Suppose -8 = 7*h - 9*h. Let l = -2 + h. List the prime factors of l.
2
What are the prime factors of (-4 + 25)/(3/5)?
5, 7
Suppose -2*b - 2*q + 2 = 0, -2*q + 3 = 3*b - 4. Suppose -b*w + 2*o + 9 = -0*w, 6 = 2*o. What are the prime factors of w?
3
Let h(y) = y**3 - 4*y**2 - 3*y - 4. Let k(j) be the second derivative of -j**3/6 + 5*j**2/2 + 3*j. Let d be k(0). What are the prime factors of h(d)?
2, 3
Suppose 0 = p - 2*l - 11, 3*p - 13 = -0*p + l. Suppose -p*a + 12 = -15. List the prime factors of a.
3
Suppose -3*g + 95 = -91. What are the prime factors of g?
2, 31
Suppose 4*t - 4 - 22 = 2*z, -5*t = -3*z - 34. Suppose -t = -4*g + 3. What are the prime factors of 4/(0 - g/(-3))?
2, 3
Let r be (-3)/5 - 178/(-5). Suppose 27 + r = o. What are the prime factors of o/5 - 2/5?
2, 3
Let v = 51 + -6. Let t = -16 + v. What are the prime factors of t?
29
Suppose 3*n = -2*g - 45, -4*g + n = 103 + 8. List the prime factors of g/(-2)*8/12.
3
Let l = 69 - 30. Let i be 38/4 - 1/2. Suppose -3*z = i - l. List the prime factors of z.
2, 5
Suppose 5*u - 100 = -4*q, u - 32 = 5*q - 12. Suppose 3*l = -5*v - u, 3*v = 2*l + v + 24. Let n = l - -23. What are the prime factors of n?
13
Let u = -2 - -5. Suppose 2 - 35 = -u*w. What are the prime factors of w?
11
List the prime factors of 3/(3 + 180/(-61)).
61
Suppose 3*j + 3*f + 32 = 221, -4*f = -2*j + 156. Let a = j + -44. What are the prime factors of a?
2, 3
Let u = 27 - 2. Let p = u - 13. List the prime factors of p.
2, 3
Suppose 9*l - 1287 = -4*l. What are the prime factors of l?
3, 11
Suppose -4*x = -5*n - 145, -4*n + 0*n = 4*x - 172. What are the prime factors of x?
2, 5
Let t(q) = -q - q - q**2 + q - 5*q + 3. Let x be t(-6). Suppose -2*c + 45 = x*b, -4*b = -2*c - 0*c - 60. List the prime factors of b.
3, 5
Let q be (-112)/6*(-9)/(-4). Let o = q - -72. Let d = o + -11. List the prime factors of d.
19
Suppose -5*l + l = -16. Suppose 0 = -4*c - 8 - l. Let f = 15 + c. What are the prime factors of f?
2, 3
Let a(j) = -j + 1. Suppose 13 + 2 = -5*g. Let d be a(g). What are the prime factors of d - 1*-2 - 0?
2, 3
Let h be (10/3)/((-4)/(-6)). Suppose -50 = -4*c + 2*x, -4*c - h*x = -37 + 8. List the prime factors of -2*(-1)/(2/c).
11
Suppose 2*w + 15 = 3*y, 0*w - 5*w - 4*y - 49 = 0. Let b = w - -5. What are the prime factors of (2/b)/(1/(-8))?
2
Suppose 3*z - 23 = 4*i, 5*z - 6*i = -11*i + 50. List the prime factors of z.
3
Let d = -57 + 19. Let z be (-1)/1 - (1 + d). Suppose 2*w + z = 4*l, -30 = -l - 2*l + 3*w. List the prime factors of l.
2
Let o be (-3)/(-3*3/6). Suppose -b = 3*w - 12 - 8, -2*w = -o*b - 8. What are the prime factors of w?
2, 3
Let f be -2 + -11 + 3 + -1. Let b = 0 - 2. What are the prime factors of b*f*1/2?
11
Suppose -g + 18 = -21. List the prime factors of g.
3, 13
Let l(x) = -3*x**3 - x**2 + 11*x - 4. What are the prime factors of l(-4)?
2
Let v(q) = -5*q + 3*q**2 + 2*q**2 - 3*q**3 + 2*q**3 + 3. Let u be v(3). List the prime factors of (-2)/(-6) - (-58)/u.
2, 5
Suppose -2*v = -3*v + 51. What are the prime factors of v?
3, 17
Let b be (-57)/6*(-24)/6. Suppose -b = -4*p + 2. List the prime factors of p.
2, 5
Let q be (-7)/(-21) - (-8)/3. List the prime factors of ((-2)/q)/((-2)/72).
2, 3
Let b(p) = -p**2 - 7*p - 3. Suppose -11 = 2*y + 1. Let t be b(y). Suppose -4 = -w, -2*a + 26 = -0*w + t*w. What are the prime factors of a?
7
What are the prime factors of 10322/65 + 4/(-5)?
2, 79
Let r(j) = -j**2 + 3*j + 4. Let k be r(3). Suppose 2*c + 2*c = 20, -k*l - c + 69 = 0. List the prime factors of l.
2
Let a be ((-5)/2)/((-3)/6). Let w = -3 + a. List the prime factors of ((-4)/(-6))/(w/9).
3
Let a(l) = l**3 - 5*l**2 + 8*l - 10. What are the prime factors of a(4)?
2, 3
What are the prime factors of -4 + 0 - -21 - 4?
13
Suppose -c - 120 = c. Let w = -27 - c. What are the prime factors of w?
3, 11
Suppose -2*v = -5*l - 170, -6*l - 136 = -2*l - v. Let a = l + 53. What are the prime factors of a?
19
Let m(c) be the third derivative of -c**5/60 - c**4/3 - c**3/2 - c**2. Let n be 8*(-1 - 1/(-4)). List the prime factors of m(n).
3
Suppose 9 = 4*z - 7. Suppose 0 = -z*s + 8, -j - 3*s + s = -4. What are the prime factors of (j - 1) + (6 - 2)?
3
Let p = -20 + 34. Suppose -16*m + p*m + 96 = 0. List the prime factors of m.
2, 3
Suppose -2*t + t = 2*a - 26, -2*a = 3*t - 90. List the prime factors of t.
2
Suppose 8*n = 14*n - 804. List the prime factors of n.
2, 67
Let s be -2 + (-1 - -3) - -2. Suppose s*h - 4 - 14 = 0. List the prime factors of h.
3
Let v = -58 + 38. List the prime factors of (v/(-7) + -2)*14.
2, 3
List the prime factors of 8/(-4) + 94 + 4.
2, 3
Let m be (-7)/9 + (-6)/27. Let p be m/2 - (-25)/(-2). Let a = 26 + p. List the prime factors of a.
13
Let p(c) = c**3 - 11*c**2 + 3. Let a be p(11). What are the prime factors of (a + 12/(-5))*15?
3
Let c be (-3789)/12 - (-2)/(-8). What are the prime factors of c/(-16) - (-1)/4?
2, 5
Suppose 4*c + c + 120 = 0. Let u = c - -12. What are the prime factors of ((-8)/u)/(2/39)?
13
Let w = -18 - -41. List the prime factors of w.
23
Let q = -79 + 111. What are the prime factors of q?
2
Let p = 415 - 243. What are the prime factors of p?
2, 43
Suppose -h + 18 + 19 = 0. List the prime factors of h.
37
Let f(k) = -9*k + 7. Let y(q) = 4*q - 3. Let n = 10 + -12. Let r(i) = n*f(i) - 5*y(i). List the prime factors of r(-3).
7
Suppose -5*w + 3*n = -20, -6*n = -w - n + 4. Suppose -w*k + 3*k - 2 = 0. What are the prime factors of (-3)/k*40/15?
2
Let y = -2 - -7. Let w(n) = -n**2 + 6*n - 2. Let p be w(5). Suppose -1 + 22 = y*r - p*h, -5 = -r + h. List the prime factors of r.
3
What are the prime factors of (568/6)/2*(4 + -1)?
2, 71
Suppose -4*u + 2*u = 5*z - 33, 0 = -3*u + 12. Suppose z*j - j = 28. What are the prime factors of j?
7
Let p = -12 - -46. What are the prime factors of p?
2, 17
Let p = 0 + -12. Let k be (p/15)/((-2)/(-60)). List the prime factors of (-6)/k + (-110)/(-8).
2, 7
Suppose -k = 2*k. Let c be -3*(-2 + k + -1). Suppose -i = 2*i - c. What are the prime factors of i?
3
List the prime factors of ((-10)/(-8))/(10/160).
2, 5
Let g = -134 + 187. What are the prime factors of g?
53
List the prime factors of 752/32 + 2/(-4).
23
Suppose 5*h = -0*h + 25. Suppose t + 64 = h*t. What are the prime factors of t?
2
Suppose -4*u - 4*s = -656, 5*s + 35 = -u + 199. What are the prime factors of u?
2, 41
Let v = 7 + -5. Let n = -1 + 12. What are the prime factors of n/v + (-2)/(-4)?
2, 3
Let t(d) = 43*d**2 - 3*d - 8. List the prime factors of t(-2).
2, 5, 17
List the prime factors of (0/2 + -3 + 4)*209.
11, 19
Let o(m) = m**3 - 15*m**2 + 4*m - 4. List the prime factors of o(15).
2, 7
Let g(c) = 13*c + 5. Let j(b) = -7*b - 3. Let x(o) = -6*g(o) - 11*j(o). Suppose 0 = 3*w - 2*k + 19, 15 = 3*k - 0*k. List the prime factors of x(w).
2, 3
Suppose -5*q + 2 = -4*q - 2*m, 2*q + 4*m - 4 = 0. Let j be -6*(-3)/6*q. Let s = 9 - j. What are the prime factors of s?
3
Let r be (-3)/6*42/(-3). Let t = r + -5. List the prime factors of t.
2
Suppose 0*i - 5*h = -2*i + 31, 28 = i - 5*h. Suppose -5*g - b = 72, 4*b = g - i*g - 18. Let a = g + 28. List the prime factors of a.
13
Let r be (-6)/(-4)*(-4)/(-3). Let q be (r/(-1))/1 + 1. What are the prime factors of 5 - 1/(-1) - q?
7
Let n(r) = -r**3 + 5*r**2 - 3*r - 3. Let d be n(4). List the prime factors of 15/3*3*d.
3, 5
Suppose 0*s = -s + 36. List the prime factors of s.
2, 3
Suppose 0 = 3*h + 3 + 9. List the prime factors of ((-6)/h)/((-6)/(-8)).
2
Let d(q) = q**3 - 10*q**2 + 6*q - 4. Let j be d(10). Suppose w = 3*v - j, v - 2*w - 27 = -0*w. What are the prime factors of v?
17
Suppose f + 2*b - 15 = -0*b, -4*f + b = -60. Suppose -5*v = -52 - 58. Let u = v - f. List the prime factors of u.
7
Let z(u) = u**2 + 13*u + 10. What are the prime factors of z(-14)?
2, 3
Let o(m) = -m**3 - 7*m**2 + 3*m + 1. What are the prime factors of o(-9)?
2, 17
Let q(s) = -16*s**2 - 19*s + 6. Let a(l) = -3*l**2 - 4*l + 1. Let v(u) = 11*a(u) - 2*q(u). What are the prime factors of v(-5)?
2
Suppose -26 = -4*y + 42. Suppose y = 3*k - 10. What are the prime factors of k?
3
Let k(n) = n + 6. Let i be k(-9). What are the prime factors of (0 + (-3)/i)*5?
5
Let m(x) = x - 1. Let i be m(